/2 - 10*y + 35. Let p be s(-14). List the prime factors of (8/p)/((-6)/(-285)).
5, 19
Suppose 6*i = -1407 + 87. Let z = 1005 - i. List the prime factors of z.
5, 7
Let y = 29 - 25. Suppose 6*k - y*k - 8 = 0. Suppose -o = -k*x + 11 + 113, o = -2*x + 68. List the prime factors of x.
2
Suppose 0 = 2*d - 9 + 3. Let v be 0 - 3 - (d - 4 - -5). List the prime factors of (v/(-2))/(-2*(-2)/32).
2, 7
Suppose -6*w + 1 + 11 = 0. Suppose 132 = b + l, w*b - 68 = -5*l + 205. Suppose 5*h = o - 59, 2*o - 3*h - 10 - b = 0. What are the prime factors of o?
2, 37
Let l(t) = t**3 - 6*t**2 + t. Let p(k) = -k - 7. Let s be p(-11). Let w be l(s). What are the prime factors of (w/(-42))/((-2)/(-177))?
59
Let n = -1289 + 1310. Let m(h) be the first derivative of -h**3/3 + 27*h**2/2 + 21*h - 1. What are the prime factors of m(n)?
3, 7
List the prime factors of -17 - ((-18)/(-18) - 5964).
2, 3, 991
Let z(m) = -3*m + 17. Suppose 0*c + 13*c - 13 = 0. Let r(i) = -1. Let f(w) = c*z(w) - 2*r(w). List the prime factors of f(0).
19
Let g(b) = -30*b**3 - 1 - 9*b + 16*b**3 - 9*b**2 + 15*b**3. Let z be g(10). Suppose -6*u - z + 399 = 0. List the prime factors of u.
5, 13
Let p be (-3)/(-5) - (-8579)/(-115). Let k = p - -316. What are the prime factors of k?
2, 11
Let g = 15599 + -4774. What are the prime factors of g?
5, 433
Let p = 1315 + -427. Suppose 6*t - 8*t + p = 0. What are the prime factors of t?
2, 3, 37
Let l(q) = -2*q**3 - 16*q**2 + 2*q + 16. Let d(h) = h**2 + 16*h + 2. Let k be d(-5). Let j = -62 - k. What are the prime factors of l(j)?
2, 5
Let g = 2233 - -3831. Suppose 5*j = -3*u - g, 5*u = 2*u - j - 6080. List the prime factors of u/(-15) - 2/(2 - -8).
3, 5
Suppose -2*i - 2*n + 278 = 0, 308 = 3*i - 2*n - 119. Let a be 1455/(-21) + (-6)/(-21). Let z = i + a. What are the prime factors of z?
2, 3
Let m(g) be the first derivative of -g**2/2 + 5*g - 5. Let o be m(-4). Suppose -o*r = -5*j - 5*r + 1005, 4*j + 5*r - 845 = 0. What are the prime factors of j?
5, 41
Let q(o) = 11*o**2 - 17*o - 460. List the prime factors of q(-28).
2, 3, 5
What are the prime factors of 447/(-1192) + 1355721/24?
2, 23, 307
Let l(r) = 396*r**3 - r**2 + 20*r - 39. List the prime factors of l(2).
3, 5, 211
Let i(b) = -b**2 - 7*b - 4. Let t be i(-9). Let c = 27 + t. Suppose 182 = c*h - 83. What are the prime factors of h?
53
Suppose 4*l - 2*f = -338, -5*l + 2*f - 201 - 223 = 0. Let m = -195 - l. Let w = -26 - m. What are the prime factors of w?
83
Let z(b) be the third derivative of -31*b**5/120 + b**4/12 + 3*b**3/2 - 6*b**2. Let y(q) be the first derivative of z(q). What are the prime factors of y(-3)?
5, 19
Let y(h) = -3*h - 2. Let s be y(-7). Suppose -45 = -5*j + a, -2*a + s = 5*j - 26. Suppose -j*t - 133 = -718. List the prime factors of t.
5, 13
Let n = 5 + -5. Suppose -2*z + 0*z - 2*z = n. What are the prime factors of (z + -25)/(-14 + 13)?
5
Let i(b) = b**2 - 12*b - 9. Let x be i(17). Suppose -67*j + x*j = 2331. List the prime factors of j.
7, 37
Suppose v - 411 = 2*p + 2*v, -1027 = 5*p + 3*v. Let u = p - -1351. List the prime factors of u.
5, 229
Suppose -p - 4 = p. Suppose -10*v + 12*v + 42 = 0. What are the prime factors of (-1561)/v + p/(-3)?
3, 5
Let s be 2 + (-4 - -3)*46. Let j = -250 - -308. Let x = j + s. What are the prime factors of x?
2, 7
Let z(h) = 928*h - 922*h + 19 + h**2 + 32. What are the prime factors of z(11)?
2, 7, 17
What are the prime factors of (1*-444)/6*(31995/10)/(-9)?
3, 37, 79
Suppose 18 = -7*d + 39. Let h be 5 - 4*(-1)/(-8)*2. Suppose 784 = h*r + 2*j, d*j = 2*r - 0*j - 392. What are the prime factors of r?
2, 7
Let q = 131662 + -77514. What are the prime factors of q?
2, 13537
Let y(m) = -5*m - 8. Let l be y(-4). Let n be 0/(6*4/l). Suppose 2*w - g - 21 = 137, n = -3*w - 4*g + 215. List the prime factors of w.
7, 11
Suppose -236 = -l - 2*l + 2*a, 4*a - 74 = -l. Suppose 0 = -2*y + 8*y + l. Let k(c) = c**2 + 8*c - 18. List the prime factors of k(y).
47
Let q be (2 + 1 + -1)/((-7)/(-1204)). Let g = 390 + q. What are the prime factors of g?
2, 367
Let h(p) be the first derivative of p**3/3 + 9*p**2/2 + 5*p - 22. Let z be h(14). Suppose -3*b - 4*x = x - z, -4*b + 3*x + 465 = 0. List the prime factors of b.
2, 3, 19
Let s = 13463 - 13441. Let w(m) = 9*m - 1. Let r be w(1). What are the prime factors of -1*s*(-68)/r?
11, 17
List the prime factors of (-106)/(-34) + (-4)/34 + 55336/8.
2, 5, 173
Let x = 4517 + -2766. List the prime factors of x.
17, 103
Let p be (-27*8/(-120))/(3/20). Suppose -p*u = -17*u + 9370. What are the prime factors of u?
2, 937
Suppose -142*m + 94*m + 700944 = 0. What are the prime factors of m?
17, 859
Suppose -75*f = -67*f - 368. Suppose 0 = -0*p - 4*p. Suppose p = 41*g - f*g + 415. What are the prime factors of g?
83
Suppose 219*g - 7265776 + 3733577 = 5662735. What are the prime factors of g?
2, 7, 2999
Let a be 12/(-20) - 18/(-5). Suppose -6*n + 10*n = 72. Suppose -f - a = -n. List the prime factors of f.
3, 5
Let z = -14859 - -27058. What are the prime factors of z?
11, 1109
Suppose 2 = -7*t + 9*t. List the prime factors of t/(6/24) - -155.
3, 53
Let v(i) = i**3 - 9*i**2 - 2*i + 22. Let j be v(9). Suppose b + j*z = 90, -b + 3*z - 6 = -103. List the prime factors of b.
2, 47
Let a(i) = -5*i - 5 - 9 - 21 + 4*i**2. Suppose 5*f + 5*m + 5 = 0, -2*f = 3*m + 1 - 5. List the prime factors of a(f).
2, 7
Suppose 5*v + v + 198 = 0. Let a = -34 - v. Let g = 36 - a. What are the prime factors of g?
37
Let k = -1443 + 4484. What are the prime factors of k?
3041
Suppose 0*a = -4*a + 48. Suppose -14*n + 152 - a = 0. What are the prime factors of 8/((-25)/170*(-8)/n)?
2, 17
Let r = -18046 + 32839. What are the prime factors of r?
3, 4931
Suppose 4*d + 4*o - 116 = 0, 2*o + 3*o + 10 = 0. Suppose 0*x + 70 = 5*x. Suppose 0 = 5*h - d - x. List the prime factors of h.
3
Let v = 5124 + 18904. What are the prime factors of v?
2, 6007
Let g(z) = 10*z - 60. Suppose -j + 2*u + 58 = 3*j, -3*u - 70 = -5*j. Let n be g(j). Let m = n + -103. What are the prime factors of m?
7
Suppose -45 = -v - 3*b, -8*b + 12*b + 16 = 0. What are the prime factors of 30913/v - (-4)/(-3)?
541
Suppose 5*b - 4*h - 13874 = 0, -677 + 3459 = b + h. List the prime factors of b.
2, 3, 463
What are the prime factors of 60/210 + 1652002/91 + 4/(-26)?
2, 29, 313
Let b = 89 - 75. Suppose b*w = -529 - 549. What are the prime factors of 4/14 - 14608/w - 0?
2, 5, 19
Suppose 274*w + 25*w = -28*w + 5849049. List the prime factors of w.
31, 577
Suppose 2*x = -7*x - 81. List the prime factors of (-5082)/x + 4/3.
2, 283
Let b(r) = -11 - 9 - 7 + 15*r + 0. List the prime factors of b(12).
3, 17
Suppose 36*i + 4*q = 23*i + 186495, -4*q = i - 14331. What are the prime factors of i?
14347
Let b(z) = -z**2 - 14*z - 23. Let f(s) = 1. Let d(n) = b(n) + 6*f(n). Let i be d(-7). Suppose -5*c + 18 = -i. What are the prime factors of c?
2, 5
Let q(a) = 2*a**2 - 13*a + 181. Let x = 159 - 137. What are the prime factors of q(x)?
863
Suppose -5*l + 6 = -0*q + 4*q, 2*q + 10 = 4*l. Suppose -u + 72 = 4*k, 4 = -l*k - 5*u + 22. Let d = 28 + k. List the prime factors of d.
47
What are the prime factors of (-3)/(36/(-15)) - 79630422/(-2056)?
2, 23, 421
Let h(z) = -1. Let c(d) = -94*d**2 - 11*d + 64. Let i(f) = -c(f) + 2*h(f). List the prime factors of i(4).
2, 3, 13, 19
Let r = 52 - 32. Suppose 6*g + r = 176. Let z = g + 129. What are the prime factors of z?
5, 31
What are the prime factors of ((-1)/2*-2462)/(17862/(-1118) + 16)?
43, 1231
List the prime factors of (2/(-2))/(159/(-755727)).
7, 97
List the prime factors of (59/((-885)/(-14970)))/(-1 - -3).
499
Suppose 5*j - 3*p = 1287 + 16583, 0 = -3*j + 3*p + 10716. What are the prime factors of j?
7, 73
Suppose 11*c - 82106 = -4149. List the prime factors of c.
19, 373
Let v(d) be the first derivative of -5*d**4/24 - 29*d**3/3 - 19*d**2 + 26. Let y(n) be the second derivative of v(n). List the prime factors of y(-21).
47
Let g = 14126 + 3190. What are the prime factors of g?
2, 3, 13, 37
Let n = 704 + -185. What are the prime factors of n?
3, 173
Let n = -37228 + 121662. What are the prime factors of n?
2, 7, 37, 163
Let p be ((-244)/44 + 5)*-11. Suppose -2*s = -p, -2*r = r - s - 2184. What are the prime factors of r?
3
Let j(b) = b**3 - 11*b**2 + 4*b - 36. Let s be (-8)/(-60) 